{"id":383,"date":"2012-03-09T08:49:41","date_gmt":"2012-03-09T07:49:41","guid":{"rendered":"https:\/\/waterkant.info\/\/?page_id=383"},"modified":"2023-10-19T01:01:53","modified_gmt":"2023-10-18T23:01:53","slug":"nobody-is-perfect","status":"publish","type":"page","link":"https:\/\/waterkant.info\/?page_id=383","title":{"rendered":"Nobody is perfect&#8230;"},"content":{"rendered":"<p><strong>Wir als versierte Zeitschriften-Macher sind keine web-Experten. Das hei\u00dft,&#8230;<\/strong><\/p>\n<p>&#8230;dass wir das Internet viele Jahre lang genutzt haben, um f\u00fcr unsere Zeitschrift <strong>als Print-Produkt<\/strong> zu werben: Informationen \u00fcber unsere Arbeit, unsere Ziele, unsere Themen; wir haben auch versucht, mit aktuellen Beitr\u00e4gen Kontakte zu kn\u00fcpfen \u2013 aber unsere Heftinhalte standen nie generell zur freien Verf\u00fcgung. Wir haben kostenlose Ansichtsexemplare zum Kennenlernen verschickt, auch einzelne, ausgew\u00e4hlte Beitr\u00e4ge &#8222;online&#8220; ver\u00f6ffentlicht. Aber dar\u00fcber hinaus waren wir immer angewiesen auf Bestellungen, auf Abonnements, auf aktive Mitarbeit, denn wir brauchten jede Frau und jeden Mann <a href=\"https:\/\/waterkant.info\/?page_id=418\" target=\"_blank\" rel=\"noopener noreferrer\">(soweit sie unsere Vorstellungen teilen)<\/a> sowie, nicht zuletzt, jeden Euro.<\/p>\n<p>Mit der Einstellung der Print-Ausgabe \u00e4ndert sich das \u2013 schrittweise. Zur Zeit wird diese Seite erst einmal weiter betrieben wie bisher, denn f\u00fcr ein anderes Format als das jetzige WordPress-Layout br\u00e4uchten wir \u2013 kostenlose \u2013 technische Unterst\u00fctzung; haben wir aber bislang nicht. Sicher ist: Der derzeitige Herausgeber-Verein &#8222;F\u00f6rderkreis WATERKANT\u00a0e. V.&#8220; befindet sich in formal-juristischer Aufl\u00f6sung, wann dieser Prozess abgeschlossen sein wird, ist derzeit noch nicht absehbar. Sicher ist aber, dass wir bem\u00fcht sein werden, diese Seite aktiv zu halten \u2013 zum einen, weil wir hoffen, mit Hilfe unserer in Jahrzehnten gewachsenen Kontakte diese Webseite lebendig und aktuell als kritisches maritimes Info-Portal erhalten und betreiben zu k\u00f6nnen; zum anderen, weil wir alle unsere gedruckt erschienenen Ausgaben scannen und hier zum Abruf bereit stellen wollen .<\/p>\n<p><strong>Daf\u00fcr \u00fcbrigens nehmen wir technische Unterst\u00fctzung gerne in Anspruch, falls sie uns gratis angeboten wird:<\/strong> Ein Internet-Angebot zu gestalten ist etwas radikal anderes als einen Zeitschriften-Artikel zu schreiben und ihn mit Bildern oder Tabellen f\u00fcr den Druck zu umbrechen. Das Zweite k\u00f6nnen wir und haben es 34 Jahre lang getan \u2013 das Erste indes \u00fcben wir (immer) noch. Und auch diese WordPress-basierte Internet-Pr\u00e4senz wird immer irgendwie unvollst\u00e4ndig bleiben \u2013 auch, weil unser technischer Durchblick eher m\u00e4\u00dfig ist. Aber Schritt f\u00fcr Schritt hoffen wir, unsere hier pr\u00e4sentierten Ergebnisse verbessern zu k\u00f6nnen&#8230;<\/p>\n<p>Wir sind bem\u00fcht, unser Web-Angebot informativ und attraktiv zu gestalten, aber ohne unn\u00f6tige M\u00e4tzchen und Spielereien. Wir haben unsere Seiten gut lesbar zu gestalten versucht, trotzdem k\u00f6nnen wir nicht alle Aspekte kennen und ber\u00fccksichtigen, zu erheblich sind die Darstellungsunterschiede von Browser zu Browser, von Bildschirm zu Bildschirm. Wir testen unsere Seiten vor Ver\u00f6ffentlichung mit jeweils weitgehend aktuellen Versionen der Browser Mozilla Firefox (bevorzugt!) und Opera \u2013 und zwar jeweils auf der Basis von derzeit Windows 10 sowie unter wechselnden Linux-Distributionen (Ubuntu). Wer Ungenauigkeiten oder Fehler entdeckt oder Tipps f\u00fcr uns hat, um diese Seiten lebendiger (aber nicht: aufw\u00e4ndiger!) zu gestalten: Schreibt uns doch einfach eine E-Mail. Danke sch\u00f6n.<\/p>\n<p><a href=\"https:\/\/waterkant.info\/?attachment_id=10\" rel=\"attachment wp-att-10\"><img loading=\"lazy\" decoding=\"async\" class=\"alignleft wp-image-10\" title=\"facebook_logo\" src=\"https:\/\/waterkant.info\/\/wp-content\/uploads\/2012\/02\/facebook_logo-300x300.jpg\" alt=\"\" width=\"180\" height=\"180\" srcset=\"https:\/\/waterkant.info\/wp-content\/uploads\/2012\/02\/facebook_logo-300x300.jpg 300w, https:\/\/waterkant.info\/wp-content\/uploads\/2012\/02\/facebook_logo-150x150.jpg 150w, https:\/\/waterkant.info\/wp-content\/uploads\/2012\/02\/facebook_logo.jpg 667w\" sizes=\"auto, (max-width: 180px) 100vw, 180px\" \/><\/a>Eines noch zum Schluss: Wer hier in unserem Webangebot nach Facebook-, Whatsapp-, Twitter- und \u00e4hnlichen Buttons sucht, tut dies \u2013 zumindest bis auf Weiteres \u2013 vergebens! So sehr wir aus eigener Erfahrung wissen, wie wertvoll &#8222;Vernetzung&#8220; f\u00fcr eine Arbeit wie die unsere sein kann, <strong>so deutlich sind auch unsere Vorbehalte gegen\u00fcber diesen kommerzialisierten und daher im Kern eigentlich &#8222;<span style=\"color: #ff0000;\">unsozialen Netzwerken<\/span>&#8220; sowie ihrem fehlenden Respekt vor Privatsph\u00e4re und Datenschutz.\u00a0 Wir sind deshalb bei keinem dieser Anbieter angemeldet und wir untersagen es (<a href=\"https:\/\/waterkant.info\/?page_id=395\" target=\"_blank\" rel=\"noopener noreferrer\">je nach rechtlichen M\u00f6glichkeiten<\/a>) allen, unsere Inhalte dort zu &#8222;posten&#8220;<\/strong> \u2013 es ist bezeichnend f\u00fcr den \u00fcbergriffigen Charakter dieser &#8222;Netzwerke&#8220;, dass wir es realistischerweise nicht generell werden vermeiden k\u00f6nnen!<\/p>\n<p>Auch hierf\u00fcr hoffen wir auf Euer Verst\u00e4ndnis. Eure Begeisterung \u00fcber unsere Arbeit k\u00f6nnt Ihr in Eurem Bekanntenkreis sicher auch verbreiten ohne sensible Daten auf eine f\u00fcr Euch unkontrollierbare Weise zu verteilen \u2013 tut es und Ihr helft uns; danke. Und falls Ihr Kritik habt, solltet Ihr diese sowieso erst mit uns teilen \/ uns mitteilen, bevor Ihr sie in die digitale Welt postet, unsere <a href=\"https:\/\/waterkant.info\/?page_id=5484\" target=\"_blank\" rel=\"noopener noreferrer\">Kontaktadresse<\/a> steht auch daf\u00fcr zur Verf\u00fcgung.<\/p>\n<p class=\"bu\">Stand: Mai 2020<\/p>\n<p>&nbsp;<\/p>\n","protected":false},"excerpt":{"rendered":"<p>Wir als versierte Zeitschriften-Macher sind keine web-Experten. Das hei\u00dft,&#8230; &#8230;dass wir das Internet viele Jahre lang genutzt haben, um f\u00fcr unsere Zeitschrift als Print-Produkt zu werben: Informationen \u00fcber unsere Arbeit, unsere Ziele, unsere Themen; wir haben auch versucht, mit aktuellen &hellip; <a href=\"https:\/\/waterkant.info\/?page_id=383\">Weiterlesen <span class=\"meta-nav\">&rarr;<\/span><\/a><\/p>\n","protected":false},"author":1,"featured_media":0,"parent":377,"menu_order":1,"comment_status":"closed","ping_status":"closed","template":"","meta":{"footnotes":""},"class_list":["post-383","page","type-page","status-publish","hentry"],"_links":{"self":[{"href":"https:\/\/waterkant.info\/index.php?rest_route=\/wp\/v2\/pages\/383","targetHints":{"allow":["GET"]}}],"collection":[{"href":"https:\/\/waterkant.info\/index.php?rest_route=\/wp\/v2\/pages"}],"about":[{"href":"https:\/\/waterkant.info\/index.php?rest_route=\/wp\/v2\/types\/page"}],"author":[{"embeddable":true,"href":"https:\/\/waterkant.info\/index.php?rest_route=\/wp\/v2\/users\/1"}],"replies":[{"embeddable":true,"href":"https:\/\/waterkant.info\/index.php?rest_route=%2Fwp%2Fv2%2Fcomments&post=383"}],"version-history":[{"count":0,"href":"https:\/\/waterkant.info\/index.php?rest_route=\/wp\/v2\/pages\/383\/revisions"}],"up":[{"embeddable":true,"href":"https:\/\/waterkant.info\/index.php?rest_route=\/wp\/v2\/pages\/377"}],"wp:attachment":[{"href":"https:\/\/waterkant.info\/index.php?rest_route=%2Fwp%2Fv2%2Fmedia&parent=383"}],"curies":[{"name":"wp","href":"https:\/\/api.w.org\/{rel}","templated":true}]}}